{"id":1245,"date":"2024-11-08T18:55:23","date_gmt":"2024-11-09T00:55:23","guid":{"rendered":"https:\/\/mexaepic.jlsecurity.mx\/?page_id=1245"},"modified":"2024-11-08T19:03:11","modified_gmt":"2024-11-09T01:03:11","slug":"adhesivos","status":"publish","type":"page","link":"https:\/\/mexaepic.jlsecurity.mx\/index.php\/adhesivos\/","title":{"rendered":"Adhesivos"},"content":{"rendered":"<div class=\"vce-row-container\" data-vce-boxed-width=\"true\"><div class=\"vce-row vce-row--col-gap-30 vce-row-equal-height vce-row-content--top\" id=\"el-5f1fd4fc\" data-vce-do-apply=\"all el-5f1fd4fc\"><div class=\"vce-row-content\" data-vce-element-content=\"true\"><div class=\"vce-col vce-col--md-auto vce-col--xs-1 vce-col--xs-last vce-col--xs-first vce-col--sm-last vce-col--sm-first vce-col--md-last vce-col--lg-last vce-col--xl-last vce-col--md-first vce-col--lg-first vce-col--xl-first\" id=\"el-ccdae564\"><div class=\"vce-col-inner\" data-vce-do-apply=\"border margin background  el-ccdae564\"><div class=\"vce-col-content\" data-vce-element-content=\"true\" data-vce-do-apply=\"padding el-ccdae564\"><div class=\"vce-text-block\"><div class=\"vce-text-block-wrapper vce\" id=\"el-42e4a5f9\" data-vce-do-apply=\"all el-42e4a5f9\"><h2 style=\"font-weight: 400; line-height: 1.2; font-size: clamp(2.625rem, -1.41348rem + 8.4135vw, 3.25rem); text-align: center;\"><strong>Adhesivos<\/strong><\/h2>\n<div class=\"vce-row-container\" style=\"max-width: 720px; margin-block: 0px; width: 720px; font-size: 18px; font-weight: bold; margin-left: auto !important; margin-right: auto !important;\" data-vce-boxed-width=\"true\">\n<div id=\"el-478b6eb6\" class=\"vce-row vce-row--col-gap-30 vce-row-equal-height vce-row-content--top\" data-vce-do-apply=\"all el-478b6eb6\">\n<div class=\"vce-row-content\" data-vce-element-content=\"true\">\n<div id=\"el-04650887\" class=\"vce-col vce-col--md-auto vce-col--xs-1 vce-col--xs-last vce-col--xs-first vce-col--sm-last vce-col--sm-first vce-col--md-first vce-col--lg-first vce-col--xl-first\" style=\"max-width: none;\">\n<div class=\"vce-col-inner\" style=\"width: 345px;\" data-vce-do-apply=\"border margin background  el-04650887\">\n<div class=\"vce-col-content\" data-vce-element-content=\"true\" data-vce-do-apply=\"padding el-04650887\">\n<div class=\"vce-single-image-container vce-single-image--align-left\">&nbsp;<\/div>\n<\/div>\n<\/div>\n<\/div>\n<\/div>\n<\/div>\n<\/div><\/div><\/div><\/div><\/div><\/div><\/div><\/div><\/div><div class=\"vce-row-container\" data-vce-boxed-width=\"true\"><div class=\"vce-row vce-row--col-gap-30 vce-row-equal-height vce-row-content--top\" id=\"el-d757159e\" data-vce-do-apply=\"all el-d757159e\"><div class=\"vce-row-content\" data-vce-element-content=\"true\"><div class=\"vce-col vce-col--md-auto vce-col--xs-1 vce-col--xs-last vce-col--xs-first vce-col--sm-last vce-col--sm-first vce-col--md-first vce-col--lg-first vce-col--xl-first\" id=\"el-e057d76c\"><div class=\"vce-col-inner\" data-vce-do-apply=\"border margin background  el-e057d76c\"><div class=\"vce-col-content\" data-vce-element-content=\"true\" data-vce-do-apply=\"padding el-e057d76c\"><div class=\"vce-single-image-container vce-single-image--align-left\"><div class=\"vce vce-single-image-wrapper\" id=\"el-232cbea5\" data-vce-do-apply=\"all el-232cbea5\"><figure><div class=\"vce-single-image-figure-inner\" style=\"width: 570px;\"><div class=\"vce-single-image-inner vce-single-image--absolute\" style=\"width: 100%; padding-bottom: 92.6316%;\"><img fetchpriority=\"high\" decoding=\"async\" class=\"vce-single-image\"  width=\"570\" height=\"528\" srcset=\"https:\/\/mexaepic.jlsecurity.mx\/wp-content\/uploads\/2024\/11\/Adhesivos-1-320x296.png 320w, https:\/\/mexaepic.jlsecurity.mx\/wp-content\/uploads\/2024\/11\/Adhesivos-1-480x445.png 480w, https:\/\/mexaepic.jlsecurity.mx\/wp-content\/uploads\/2024\/11\/Adhesivos-1-570x528.png 570w\" src=\"https:\/\/mexaepic.jlsecurity.mx\/wp-content\/uploads\/2024\/11\/Adhesivos-1-570x528.png\" data-img-src=\"https:\/\/mexaepic.jlsecurity.mx\/wp-content\/uploads\/2024\/11\/Adhesivos-1.png\" data-attachment-id=\"1249\"  alt=\"Adhesivos\" title=\"Adhesivos\" \/><\/div><\/div><figcaption hidden=\"\"><\/figcaption><\/figure><\/div><\/div><div class=\"vce-button--style-outline-container vce-button--style-outline-container--align-center\"><span class=\"vce-button--style-outline-wrapper vce\" id=\"el-2732f0e5\" data-vce-do-apply=\"margin el-2732f0e5\"><a class=\"vce-button vce-button--style-outline-animated vce-button--style-outline--border-round vce-button--style-outline--size-medium vce-button--style-outline-animated--color-b-255-255-255--fff--3d3d3d vce-button--style-outline-animated--border-color-b-249-108-49--3d3d3d vce-button--style-outline-animated--background-color-b-0-0-0\" href=\"http:\/\/wa.me\/525577197252?text=Hola, quiero comprar estos Adhesivos por medio de la P\u00e1gina Web.\" title=\"\" target=\"_blank\" rel=\"nofollow noopener\" data-vce-do-apply=\"padding border background  el-2732f0e5\"><span class=\"vce-button--style-outline-text\">COMPRAR<\/span><\/a><\/span><\/div><\/div><\/div><\/div><div class=\"vce-col vce-col--md-auto vce-col--xs-1 vce-col--xs-last vce-col--xs-first vce-col--sm-last vce-col--sm-first vce-col--md-last vce-col--lg-last vce-col--xl-last\" id=\"el-aacd2c1b\"><div class=\"vce-col-inner\" data-vce-do-apply=\"border margin background  el-aacd2c1b\"><div class=\"vce-col-content\" data-vce-element-content=\"true\" data-vce-do-apply=\"padding el-aacd2c1b\"><div class=\"vce-text-block\"><div class=\"vce-text-block-wrapper vce\" id=\"el-6e564751\" data-vce-do-apply=\"all el-6e564751\"><h2 style=\"font-weight: 400; line-height: 1.2; font-size: clamp(2.625rem, -1.41348rem + 8.4135vw, 3.25rem);\"><strong>Adhesivos<\/strong><span style=\"font-size: 18px; font-weight: bold; color: var(--wp--preset--color--contrast); font-family: var(--wp--preset--font-family--system-font);\">&nbsp;<\/span><\/h2><\/div><\/div><div class=\"vce-text-block\"><div class=\"vce-text-block-wrapper vce\" id=\"el-4fc4e663\" data-vce-do-apply=\"all el-4fc4e663\"><p><span style=\"font-size: 18px; font-weight: bold;\">MILLAR<br><br>Tama\u00f1o Carta $4,540<\/span><br style=\"font-size: 18px; font-weight: bold;\"><span style=\"font-size: 18px; font-weight: bold;\">Tama\u00f1o Tabloide $7,424 (\u00f3 2 millares carta)<\/span><br style=\"font-size: 18px; font-weight: bold;\"><span style=\"font-size: 18px; font-weight: bold;\">Tama\u00f1o 4 Cartas $10,904 (\u00f3 4 millares carta)<\/span><br style=\"font-size: 18px; font-weight: bold;\"><span style=\"font-size: 18px; font-weight: bold;\">Barniz + $650 adicionales<\/span><\/p><\/div><\/div><\/div><\/div><\/div><\/div><\/div><\/div>\n","protected":false},"excerpt":{"rendered":"<p>Adhesivos &nbsp; COMPRARAdhesivos&nbsp;MILLARTama\u00f1o Carta $4,540Tama\u00f1o Tabloide $7,424 (\u00f3 2 millares carta)Tama\u00f1o 4 Cartas $10,904 (\u00f3 4 millares carta)Barniz + $650 adicionales<\/p>\n","protected":false},"author":2,"featured_media":0,"parent":0,"menu_order":0,"comment_status":"closed","ping_status":"closed","template":"","meta":{"footnotes":""},"class_list":["post-1245","page","type-page","status-publish","hentry"],"yoast_head":"<!-- This site is optimized with the Yoast SEO plugin v24.4 - https:\/\/yoast.com\/wordpress\/plugins\/seo\/ -->\n<title>Adhesivos -<\/title>\n<meta name=\"robots\" content=\"index, follow, max-snippet:-1, max-image-preview:large, max-video-preview:-1\" \/>\n<link rel=\"canonical\" href=\"https:\/\/mexaepic.jlsecurity.mx\/index.php\/adhesivos\/\" \/>\n<meta property=\"og:locale\" content=\"es_MX\" \/>\n<meta property=\"og:type\" content=\"article\" \/>\n<meta property=\"og:title\" content=\"Adhesivos -\" \/>\n<meta property=\"og:description\" content=\"Adhesivos &nbsp; COMPRARAdhesivos&nbsp;MILLARTama\u00f1o Carta $4,540Tama\u00f1o Tabloide $7,424 (\u00f3 2 millares carta)Tama\u00f1o 4 Cartas $10,904 (\u00f3 4 millares carta)Barniz + $650 adicionales\" \/>\n<meta property=\"og:url\" content=\"https:\/\/mexaepic.jlsecurity.mx\/index.php\/adhesivos\/\" \/>\n<meta property=\"article:modified_time\" content=\"2024-11-09T01:03:11+00:00\" \/>\n<meta name=\"twitter:card\" content=\"summary_large_image\" \/>\n<script type=\"application\/ld+json\" class=\"yoast-schema-graph\">{\"@context\":\"https:\/\/schema.org\",\"@graph\":[{\"@type\":\"WebPage\",\"@id\":\"https:\/\/mexaepic.jlsecurity.mx\/index.php\/adhesivos\/\",\"url\":\"https:\/\/mexaepic.jlsecurity.mx\/index.php\/adhesivos\/\",\"name\":\"Adhesivos -\",\"isPartOf\":{\"@id\":\"https:\/\/mexaepic.jlsecurity.mx\/#website\"},\"datePublished\":\"2024-11-09T00:55:23+00:00\",\"dateModified\":\"2024-11-09T01:03:11+00:00\",\"breadcrumb\":{\"@id\":\"https:\/\/mexaepic.jlsecurity.mx\/index.php\/adhesivos\/#breadcrumb\"},\"inLanguage\":\"es\",\"potentialAction\":[{\"@type\":\"ReadAction\",\"target\":[\"https:\/\/mexaepic.jlsecurity.mx\/index.php\/adhesivos\/\"]}]},{\"@type\":\"BreadcrumbList\",\"@id\":\"https:\/\/mexaepic.jlsecurity.mx\/index.php\/adhesivos\/#breadcrumb\",\"itemListElement\":[{\"@type\":\"ListItem\",\"position\":1,\"name\":\"Inicio\",\"item\":\"https:\/\/mexaepic.jlsecurity.mx\/\"},{\"@type\":\"ListItem\",\"position\":2,\"name\":\"Adhesivos\"}]},{\"@type\":\"WebSite\",\"@id\":\"https:\/\/mexaepic.jlsecurity.mx\/#website\",\"url\":\"https:\/\/mexaepic.jlsecurity.mx\/\",\"name\":\"Mexa Epic Publicidad\",\"description\":\"Publicidad impresa y digital\",\"publisher\":{\"@id\":\"https:\/\/mexaepic.jlsecurity.mx\/#organization\"},\"potentialAction\":[{\"@type\":\"SearchAction\",\"target\":{\"@type\":\"EntryPoint\",\"urlTemplate\":\"https:\/\/mexaepic.jlsecurity.mx\/?s={search_term_string}\"},\"query-input\":{\"@type\":\"PropertyValueSpecification\",\"valueRequired\":true,\"valueName\":\"search_term_string\"}}],\"inLanguage\":\"es\"},{\"@type\":\"Organization\",\"@id\":\"https:\/\/mexaepic.jlsecurity.mx\/#organization\",\"name\":\"Mexa Epic Publicidad\",\"url\":\"https:\/\/mexaepic.jlsecurity.mx\/\",\"logo\":{\"@type\":\"ImageObject\",\"inLanguage\":\"es\",\"@id\":\"https:\/\/mexaepic.jlsecurity.mx\/#\/schema\/logo\/image\/\",\"url\":\"https:\/\/mexaepic.jlsecurity.mx\/wp-content\/uploads\/2024\/09\/LOGO-mexa-epic-W-soimbra.png\",\"contentUrl\":\"https:\/\/mexaepic.jlsecurity.mx\/wp-content\/uploads\/2024\/09\/LOGO-mexa-epic-W-soimbra.png\",\"width\":1000,\"height\":1000,\"caption\":\"Mexa Epic Publicidad\"},\"image\":{\"@id\":\"https:\/\/mexaepic.jlsecurity.mx\/#\/schema\/logo\/image\/\"}}]}<\/script>\n<!-- \/ Yoast SEO plugin. -->","yoast_head_json":{"title":"Adhesivos -","robots":{"index":"index","follow":"follow","max-snippet":"max-snippet:-1","max-image-preview":"max-image-preview:large","max-video-preview":"max-video-preview:-1"},"canonical":"https:\/\/mexaepic.jlsecurity.mx\/index.php\/adhesivos\/","og_locale":"es_MX","og_type":"article","og_title":"Adhesivos -","og_description":"Adhesivos &nbsp; COMPRARAdhesivos&nbsp;MILLARTama\u00f1o Carta $4,540Tama\u00f1o Tabloide $7,424 (\u00f3 2 millares carta)Tama\u00f1o 4 Cartas $10,904 (\u00f3 4 millares carta)Barniz + $650 adicionales","og_url":"https:\/\/mexaepic.jlsecurity.mx\/index.php\/adhesivos\/","article_modified_time":"2024-11-09T01:03:11+00:00","twitter_card":"summary_large_image","schema":{"@context":"https:\/\/schema.org","@graph":[{"@type":"WebPage","@id":"https:\/\/mexaepic.jlsecurity.mx\/index.php\/adhesivos\/","url":"https:\/\/mexaepic.jlsecurity.mx\/index.php\/adhesivos\/","name":"Adhesivos -","isPartOf":{"@id":"https:\/\/mexaepic.jlsecurity.mx\/#website"},"datePublished":"2024-11-09T00:55:23+00:00","dateModified":"2024-11-09T01:03:11+00:00","breadcrumb":{"@id":"https:\/\/mexaepic.jlsecurity.mx\/index.php\/adhesivos\/#breadcrumb"},"inLanguage":"es","potentialAction":[{"@type":"ReadAction","target":["https:\/\/mexaepic.jlsecurity.mx\/index.php\/adhesivos\/"]}]},{"@type":"BreadcrumbList","@id":"https:\/\/mexaepic.jlsecurity.mx\/index.php\/adhesivos\/#breadcrumb","itemListElement":[{"@type":"ListItem","position":1,"name":"Inicio","item":"https:\/\/mexaepic.jlsecurity.mx\/"},{"@type":"ListItem","position":2,"name":"Adhesivos"}]},{"@type":"WebSite","@id":"https:\/\/mexaepic.jlsecurity.mx\/#website","url":"https:\/\/mexaepic.jlsecurity.mx\/","name":"Mexa Epic Publicidad","description":"Publicidad impresa y digital","publisher":{"@id":"https:\/\/mexaepic.jlsecurity.mx\/#organization"},"potentialAction":[{"@type":"SearchAction","target":{"@type":"EntryPoint","urlTemplate":"https:\/\/mexaepic.jlsecurity.mx\/?s={search_term_string}"},"query-input":{"@type":"PropertyValueSpecification","valueRequired":true,"valueName":"search_term_string"}}],"inLanguage":"es"},{"@type":"Organization","@id":"https:\/\/mexaepic.jlsecurity.mx\/#organization","name":"Mexa Epic Publicidad","url":"https:\/\/mexaepic.jlsecurity.mx\/","logo":{"@type":"ImageObject","inLanguage":"es","@id":"https:\/\/mexaepic.jlsecurity.mx\/#\/schema\/logo\/image\/","url":"https:\/\/mexaepic.jlsecurity.mx\/wp-content\/uploads\/2024\/09\/LOGO-mexa-epic-W-soimbra.png","contentUrl":"https:\/\/mexaepic.jlsecurity.mx\/wp-content\/uploads\/2024\/09\/LOGO-mexa-epic-W-soimbra.png","width":1000,"height":1000,"caption":"Mexa Epic Publicidad"},"image":{"@id":"https:\/\/mexaepic.jlsecurity.mx\/#\/schema\/logo\/image\/"}}]}},"jetpack_sharing_enabled":true,"_links":{"self":[{"href":"https:\/\/mexaepic.jlsecurity.mx\/index.php\/wp-json\/wp\/v2\/pages\/1245","targetHints":{"allow":["GET"]}}],"collection":[{"href":"https:\/\/mexaepic.jlsecurity.mx\/index.php\/wp-json\/wp\/v2\/pages"}],"about":[{"href":"https:\/\/mexaepic.jlsecurity.mx\/index.php\/wp-json\/wp\/v2\/types\/page"}],"author":[{"embeddable":true,"href":"https:\/\/mexaepic.jlsecurity.mx\/index.php\/wp-json\/wp\/v2\/users\/2"}],"replies":[{"embeddable":true,"href":"https:\/\/mexaepic.jlsecurity.mx\/index.php\/wp-json\/wp\/v2\/comments?post=1245"}],"version-history":[{"count":6,"href":"https:\/\/mexaepic.jlsecurity.mx\/index.php\/wp-json\/wp\/v2\/pages\/1245\/revisions"}],"predecessor-version":[{"id":1253,"href":"https:\/\/mexaepic.jlsecurity.mx\/index.php\/wp-json\/wp\/v2\/pages\/1245\/revisions\/1253"}],"wp:attachment":[{"href":"https:\/\/mexaepic.jlsecurity.mx\/index.php\/wp-json\/wp\/v2\/media?parent=1245"}],"curies":[{"name":"wp","href":"https:\/\/api.w.org\/{rel}","templated":true}]}}